 5*j - 812, -660 = -4*j - p. What is the greatest common divisor of j and 205?
41
Let a be (-4)/(48/9) - 2979/(-36). What is the greatest common divisor of 2 and a?
2
Let l be (-21)/2*38/(-3). Let v = 15 + 4. Calculate the greatest common factor of v and l.
19
Suppose 0 = 3*g - 348 - 354. Calculate the highest common factor of g and 18.
18
Let w(v) = 9*v**2 - 9*v - 2. Let z be w(4). Let b = z + 59. What is the greatest common divisor of 15 and b?
15
Let u(p) = 3*p**2 - 14*p + 17. Let n be u(5). Suppose 0 = -4*t + n - 6. Calculate the highest common factor of t and 4.
4
Let a(n) = 31*n**2 + 1. Let l be a(-1). Suppose m = 17 - 14. Suppose t = 5*s - 324, 0 = -s + t + 71 - m. Calculate the highest common factor of l and s.
32
Let p(a) = -6*a - 8. Let r be p(-5). Let l be 2/(-3) - (-3180)/18. Calculate the greatest common factor of r and l.
22
Let b be 25/15*45/3. Let p = b - 14. Let r = 247 + -159. What is the highest common factor of p and r?
11
Let s be (-29)/(-3) + (-105)/63. Let q(l) = l**3 - 3*l**2 - 2*l. Let x be q(5). What is the greatest common factor of s and x?
8
Let d(o) = o**3 - 34*o**2 - 34*o - 15. Let f be d(35). What is the highest common divisor of f and 40?
20
Suppose 0 = 5*u + 368 - 108. Let y = u - -62. What is the highest common factor of 25 and y?
5
Suppose -c - 3*c - 8 = 0. Let j be (3/6)/((-1)/c). Let f = -72 - -83. What is the greatest common divisor of f and j?
1
Let t be 8 - (7 + -9 + -8). Calculate the highest common divisor of 369 and t.
9
Suppose -10*k - 5859 = -19*k. Calculate the highest common factor of k and 21.
21
Suppose 3*c = -3*y + c + 14, -4*y + 12 = c. Let w be 2 + (3 + -2)*y. What is the highest common factor of 24 and w?
4
Suppose 2*x - 8*x = -264. Let s = -2 + 4. Let a = 2 + s. What is the greatest common factor of x and a?
4
Suppose -z + 4*z = -81. Let s = z + 21. Let a = 12 + s. Calculate the highest common divisor of 24 and a.
6
Suppose 1082 = -10*p + 9482. Calculate the greatest common divisor of 12 and p.
12
Let k(i) = i**3 + 29*i**2 - 26*i + 128. Let a be k(-30). Let c = 7 - -1. Calculate the greatest common factor of c and a.
8
Let h = 0 - -10. Let q(r) = 10*r - 20. Let u be (-1)/2 + 13/2. Let c be q(u). What is the greatest common divisor of c and h?
10
Let d(x) = -x**3 + 5*x**2 - x. Let a be d(4). Suppose 588 = 3*c + 4*c. Calculate the greatest common divisor of c and a.
12
Let r be 286/33 + 2/(-3). Let o = r - -4. Suppose 5*g = -2 + o. What is the highest common factor of g and 10?
2
Suppose 3*j = -4*i + 173, -3*j - 3*i + 293 - 116 = 0. Let v be (2/(-3))/(4/(-54)). Calculate the greatest common factor of v and j.
9
Let c(z) = 19*z**2 - 5*z + 4. Let f be c(1). What is the highest common factor of 2 and f?
2
Let k(h) = 2*h**3 - 71*h**2 - 109*h + 34. Let a be k(37). Let v(o) = -2*o**3 + 2*o. Let s be v(-2). Calculate the greatest common factor of a and s.
12
Let t be 162/(-3*6/(-144)*2). What is the highest common factor of 8 and t?
8
Suppose 0 = 2*d - 4*t - 430, 4*d + 0*d - 5*t - 848 = 0. What is the greatest common divisor of 9 and d?
9
Let b = 17 - -29. Calculate the greatest common divisor of b and 874.
46
Let g be (11/3)/(-11)*(0 - 6). Suppose 166 = g*h - 94. Let x = 53 + -1. What is the greatest common factor of h and x?
26
Let k = 56 - -12. Suppose k = 14*l - 10*l. Calculate the highest common factor of l and 136.
17
Suppose 0 = 2*k - 3*q - 15, 0*k - q - 5 = k. Suppose 3*l - 356 - 4 = k. Calculate the highest common factor of 80 and l.
40
Let o = 547 + -512. Calculate the highest common divisor of 5 and o.
5
Let s be (1 - -1)*1/(-1). Let t be 102/27 + s/(-9). Let r(o) = o**3 - 14*o**2 + 24*o + 44. Let h be r(12). Calculate the greatest common divisor of h and t.
4
Let p be (-70)/(-6) - 12/18. Suppose -x + 264 = -0*x. Suppose 0 = 4*q - q - x. What is the highest common factor of q and p?
11
Suppose -2*n - 38 = 6*r - 8*r, -5*n + 105 = 5*r. Let t(f) = 30*f**2. Let l be t(1). What is the greatest common factor of r and l?
10
Let j be ((-12)/(-10))/((-3)/(-10)). Suppose -3*d + 4*k = -112, 5*d - d + 3*k = 116. Calculate the highest common factor of d and j.
4
Let u = -3064 - -3207. Calculate the greatest common factor of u and 299.
13
Suppose 3*z + 0*f + 2*f + 11 = 0, -5*f = 5*z + 15. Let k be (375/(-3))/z - 1. Calculate the greatest common factor of 120 and k.
24
Suppose -130 = 1458*i - 1459*i. What is the greatest common divisor of i and 286?
26
Let i be ((-16)/(-20))/((-4)/(-10)). Suppose 24 = v + i*z, 3*v + 3*z = 5*v - 13. Calculate the highest common divisor of 56 and v.
14
Suppose -3*j + 5*i - 303 = 2*i, -2*j - 193 = -5*i. Let g be 1/(-3 - -2) + -11. Let n be (j/g)/((-4)/(-18)). Calculate the highest common divisor of n and 26.
13
Let h be (-1240)/(-50) - (-1)/5. Let o be h + -3 + (-1)/(-1) + 1. Calculate the highest common factor of 36 and o.
12
Let o be 1/(-3) - (8/12 - 7). Let r(q) = q + 14. Let y be r(-11). What is the highest common divisor of y and o?
3
Let j = 2376 + -2336. Suppose 0 = -3*f - 2*f + 100. Calculate the highest common factor of f and j.
20
Let v = -58 + 62. Suppose v*j + 157 = 565. What is the highest common divisor of 68 and j?
34
Let w(s) = 2*s**2 - 13*s - 14. Let y be w(11). Let d(v) = 2*v**2 - 15*v + 26. Let c be d(8). What is the greatest common divisor of c and y?
17
Suppose 7*c = -0*c + 259. Suppose 2*n = -o + 13, 2*o + 0*o = 3*n - c. What is the greatest common divisor of n and 6?
3
Suppose d - 74 - 171 = 0. Let m be (-62)/(-22) + (-82)/(-451). Suppose m*h + 4*h - d = 0. What is the greatest common divisor of h and 5?
5
Let m = 139 - 133. Calculate the highest common factor of 87 and m.
3
Let r be (156/15)/((-1)/(-10)). Let v(m) = -m + 5. Let z be v(7). Let q(h) = h**2 - 7*h - 5. Let s be q(z). Calculate the highest common factor of r and s.
13
Suppose -3*g + 816 = 4*z, -5*g = -2*z + 170 + 264. What is the highest common factor of z and 18?
9
Suppose 30*d - 1748 = -16*d. What is the greatest common factor of d and 114?
38
Let l(u) = u**3 + 6*u**2 + 6*u + 3. Let a be l(-3). What is the greatest common factor of a and 924?
12
Suppose -7*c + 18 = -4*c. Let g be (-2)/(-3)*45/c. Let i = 18 - 8. Calculate the greatest common factor of i and g.
5
Suppose 0 = -q - 5*o - 19 + 70, 0 = -4*q - 2*o + 240. Suppose 3*c - 46 - 137 = 0. Calculate the highest common divisor of c and q.
61
Let n(s) = -21*s - 91. Let r be n(-6). Calculate the greatest common divisor of r and 14.
7
Let p = 127 - 36. What is the highest common divisor of p and 13?
13
Let u(h) = h**3 + 18*h**2 - 3*h - 227. Let m be u(-15). What is the greatest common divisor of 17 and m?
17
Let n = 30 + 186. Suppose 0 = 5*a - 4*a - n. What is the greatest common factor of 36 and a?
36
Suppose -4 = -n + 1. Suppose 2*v - 63 = -v + 3*a, 5*v + n*a = 75. What is the greatest common divisor of v and 90?
18
Suppose -3*w + 2*w = h - 272, 5*w = 2*h + 1388. Calculate the greatest common divisor of w and 69.
69
Let f(w) = -w**2 - 12*w - 15. Let t be f(-10). Suppose -5*y = -5*l + 42 + 8, 0 = l + t*y - 40. Calculate the greatest common divisor of 135 and l.
15
Suppose 2*u + 0 + 12 = 2*t, -4*t + 2*u = -16. Let z be ((-2)/4)/(t/(-8)). Calculate the greatest common factor of z and 8.
2
Let w(i) = i**3 - 13*i**2 + i - 12. Let a be w(13). Let q be (a/1)/(-2)*-6. Calculate the highest common divisor of q and 15.
3
Suppose 235 = 8*x - 77. Let v(t) = 7*t**2 + 5*t - 1. Let z be v(-4). Calculate the highest common factor of z and x.
13
Suppose -7*f + 63 = 21. Suppose -5*y + 2*x + 2*x = -27, 0 = 2*y + 4*x + f. What is the greatest common factor of 48 and y?
3
Suppose 693 = 73*w - 10*w. Suppose 2*u - 19 - 3 = 0. Calculate the highest common factor of w and u.
11
Let s(g) = g + 5. Let t be s(-1). Let n be ((-11)/t)/((-6)/72). What is the greatest common divisor of 363 and n?
33
Suppose 14*d = -2*d + 576. What is the highest common divisor of d and 36?
36
Let w(s) = -s**2 + 7*s - 1. Let x be w(5). Suppose 2*d + 4 = -2*n, 5*n + d = 5 + 1. Let b be n/(12/81)*2. Calculate the greatest common divisor of b and x.
9
Suppose 92 = 3*b + 5*v, -b - 2*b + 3*v = -108. Calculate the greatest common factor of 425 and b.
17
Let k be -12*((-2)/(-3))/1. Let m be 6 + ((-70)/7 - 2). Let x be m/(-24) + (-254)/k. What is the highest common divisor of 4 and x?
4
